be t(8). Suppose -3 = -5*s + u*s. Suppose -s*p - 4*z = -3, 0*z + 2*z = 2*p + 12. Determine c(p).
1
Let j(u) = u**3 + 7*u**2 + 2*u + 8. Suppose 6*q + 49 = -q. Calculate j(q).
-6
Suppose 33*i - 31*i = -10. Let d(v) = -2*v - 4. Give d(i).
6
Let o be 0 - (4 + 2 + -9). Let l(v) = v**2 - v - 4. Give l(o).
2
Let o be ((-2)/4)/((-6)/12). Let v be (1 - 1 - -1)/o. Let j be v*(-6)/3 + 2. Let g(h) = h**2 - h + 1. What is g(j)?
1
Let g(h) = -h**3 + 4*h**2 + 3*h + 7. Let d = -11 + 18. Let k = 2 - d. Let v be (k/(-2)*4)/2. Calculate g(v).
-3
Suppose 3*g = -w - 4*w + 29, -4*w + 2*g + 10 = 0. Suppose 0*q + q = w. Let c(y) = -y**3 + 5*y**2 - 4*y + 3. Determine c(q).
3
Let d(b) = -2*b**3 - b**2 + b + 1. Let s(n) = -n - 11. Let u be s(-9). Let g = 1 + u. Determine d(g).
1
Let c(y) = -4*y**2 - 2*y + 1. Let w = -2 - -5. Suppose 20 = w*l + l. Suppose s + 3*s + 19 = -o, 2*o - l*s = 27. Calculate c(o).
-5
Suppose -2*y - 5 = -3*g, 2 = 4*g + y - 1. Let c(u) = 2*u. Suppose -z - 4 + 10 = 0. Let h(s) = 2*s. Let w(q) = z*h(q) - 5*c(q). Determine w(g).
2
Let y(z) be the first derivative of -3*z**2/2 + 3*z + 25. Let r be (6/(-8))/(2/(-8)). Determine y(r).
-6
Let i(x) = x**3 - 5*x**2 - 6*x + 5. Let t(r) = r**3 - 6*r**2 - 5*r + 6. Let z(v) = -3*i(v) + 4*t(v). Calculate z(9).
-9
Let t(z) = -z**3 - 2*z**2 + 3*z - 4. Let u be t(-4). Suppose 0*d - 4*f = -3*d - u, -21 = 5*d - f. Let a(w) = w**2 + w - 4. Determine a(d).
8
Let n(j) = 3 + 9*j + 2 - 3*j**2 - 13. Let z(q) = -7*q**2 + 19*q - 17. Let s(b) = -9*n(b) + 4*z(b). Give s(-5).
4
Let l(f) = 57*f**3 + 8 + 2 - 7*f**2 - 58*f**3. Let r = 3 + -10. Calculate l(r).
10
Let b(z) = 41 + 0*z - z - 7*z - 39. Give b(2).
-14
Let f(j) be the first derivative of 4/3*j**3 - 1/4*j**4 + 2 - 4*j + 3/2*j**2. Calculate f(4).
8
Let k(u) = -u**3 + u. Suppose -1 = 11*s - 12. Give k(s).
0
Let q(w) = -14*w**2 - 14*w + 20. Let h(b) = -5*b**2 - 5*b + 7. Let d(p) = 11*h(p) - 4*q(p). Let z be d(-3). Let k(x) = -x + 4. Calculate k(z).
1
Suppose -3*g + 5*l + 34 = 0, 2*g + 2*l = -0*g + 12. Let v(y) = 4 + 3*y**2 - 2*y - g*y**2 + y**3 + 0*y. Determine v(5).
-6
Suppose 0 = 2*b + 5*d - 7 + 28, -3*d = b + 13. Let z(c) = 5 + 5*c**3 - 4*c**3 - 4. What is z(b)?
9
Suppose -10*v + 13*v = -15. Let b(c) = c**2 + 3*c + 3. Calculate b(v).
13
Let h = 13 + -12. Let w(c) = c + h + 8*c + 5 + c**2 + 1. What is w(-6)?
-11
Let w(v) = v - 4. Let x(f) = 3*f**2 - f. Let y be x(1). Suppose 80 = 3*h + 20. Suppose -3*g - 4*u = -0*g - y, -h = 5*u. Give w(g).
2
Let f(p) be the first derivative of -p**4/4 + 5*p**3/3 - 3*p**2/2 + 3*p + 15. Calculate f(4).
7
Suppose -7*n = -2*n + 75. Let d = n - -11. Let f(m) = -m - 1. What is f(d)?
3
Let i(t) = 37*t - 11. Let n(f) = 18*f - 5. Let q(y) = 6*i(y) - 13*n(y). What is q(-1)?
11
Let m = 154 + -148. Let o(u) = -u + 7. Give o(m).
1
Let h = 3 + -1. Suppose -h*u + 4*u = 4. Suppose -u*d - 2*d - 20 = 0. Let z(b) = b**2 + 3*b - 5. Calculate z(d).
5
Let j(h) = -h**2 - 2*h + 1. Let o = -8 - -3. Calculate j(o).
-14
Let j(d) = -d**3 - 9*d**2 - 7*d + 4. Suppose 2*b - 5*o = -36, -b + o = b + 20. What is j(b)?
-4
Let k be 4/(-12)*1*3. Let q(s) = s**2 + s + 1. What is q(k)?
1
Let t(y) = y**2 + y - 1. Let h(j) = -4*j + 5. Let c be h(1). Calculate t(c).
1
Let i(z) be the third derivative of -z**4/4 - z**3/6 - 3*z**2. Let n be i(-1). Let y(g) = g - 4. Calculate y(n).
1
Let o be -5 - 18/12 - 3/(-2). Let u(k) = 3*k + 7. Calculate u(o).
-8
Let a(q) = -12*q**2 + 6*q + 13. Let w(r) = 35*r**2 - 17*r - 37. Let g(j) = -17*a(j) - 6*w(j). Give g(1).
-5
Let m(n) be the first derivative of n**2/2 + 5*n - 11. Give m(-4).
1
Let n = 60 + -67. Let h(x) = x + 9. Give h(n).
2
Let i(a) be the second derivative of a**3/6 + 5*a**2/2 - 42*a. Determine i(0).
5
Let q(t) = -25*t + 1 - 3*t**2 - 2*t**3 + 48*t - 25*t. Determine q(-2).
9
Let g be ((-10)/(-6) + -1)*-6. Let t(u) = 3*u**2 + 6*u + 1. Give t(g).
25
Let j(u) = u**3 - 3*u**2 - 3*u - 1. Suppose -s - 32 = -36. What is j(s)?
3
Let d = -1 - -2. Let k(z) be the third derivative of 5*z**4/12 + z**3/6 - 3*z**2. What is k(d)?
11
Let v be -4*(-1)/2 - 7. Let j(p) be the first derivative of p**4/4 + 5*p**3/3 - p**2/2 - 5*p - 26. Calculate j(v).
0
Let k(g) = -g**2 - 8*g. Let q be k(-8). Let o(l) = -l. Let s(d) be the third derivative of -5*d**4/24 + d**3/6 - 2*d**2. Let z(f) = 9*o(f) - 2*s(f). Give z(q).
-2
Let j(s) be the first derivative of s**3/3 - 3*s**2 + 16. Calculate j(4).
-8
Suppose 12 = 5*g + r + 34, -6 = 3*r. Let u(m) be the first derivative of 1 + 1/2*m**2 - m. Determine u(g).
-5
Let a(h) be the second derivative of -h**6/720 - h**5/60 + h**4/12 + 4*h. Let t(o) be the third derivative of a(o). Give t(-2).
0
Let n(l) = 6*l + 1. Suppose g - 24 = -2*g. Suppose -x - z - 4*z = 3, 2*x = 4*z + g. Suppose -1 = x*f + 1. Give n(f).
-5
Let m(q) be the second derivative of -q**3/6 - 2*q**2 - 2*q. Let l(v) = -6*v**2 + 1. Let a be l(1). What is m(a)?
1
Let m(t) be the second derivative of -t**5/20 - 5*t**4/12 - t**3/6 - 2*t**2 - 46*t. Suppose 0 = -5*o - 12 - 13. Determine m(o).
1
Let b(g) = -g**2 + 5*g - 3. Let c be b(4). Let o(d) = -d**3 - 4*d**2 - d + c + 2*d**2 - 6*d**2 + 3*d**2. Give o(-5).
6
Let x(z) be the first derivative of -z**3/3 + 5*z**2/2 + 4*z + 1. Suppose 0 = 2*s - 3*a - 14, -3*a = -s - 0*s + 10. Let r be ((-5)/(-2))/(2/s). What is x(r)?
4
Suppose -3*f = f - 8. Suppose f = -5*p + 17. Suppose s - 8 = -p. Let c(k) = -k**3 + 4*k**2 + 6*k - 3. Determine c(s).
2
Let n(v) = -5*v**3 - 4*v**2 - 2*v - 1. Let z(l) = l**3 - l**2 - l. Let m(a) = n(a) - 3*z(a). Let b(i) = -i**2 + 6*i - 4. Let p be b(5). What is m(p)?
-9
Let o(x) = -x**3 + 7*x**2 - 13*x + 17. Let h be o(5). Let m(w) be the second derivative of h*w**2 + 4*w + 0 - w**3 - 1/12*w**4. What is m(-5)?
9
Let g(l) = -l**3 - 7*l**2 - 5*l + 3. Suppose -3 - 6 = -3*x. Let a = 58 - 39. Suppose x*u - 1 = -a. What is g(u)?
-3
Let p(r) = -11*r - 17. Let j(b) = 26*b + 32. Let a(s) = -9 + s + 20 + 8*s. Let z(g) = 14*a(g) - 5*j(g). Let f(c) = -6*p(c) + 17*z(c). Determine f(1).
-2
Let o be -1*3 + 1 + -2. Let l(d) = -28*d**2 - 2 - 6*d + 30*d**2 + 4*d**3 - 3*d**3 + 1. Give l(o).
-9
Let n be -1 - (-7)/(105/20). Let f(l) be the second derivative of n*l**3 + 0 - 2*l**2 + 4*l. Determine f(5).
6
Let k be 6/12 - 7/2. Let c(b) = -b**2 - 2*b - 1. Give c(k).
-4
Let x = 12 - 17. Let t(v) = v**3 + 5*v**2 + v + 2. Let k be t(x). Let h(q) = 1. Let b(f) = -f**2 - 2*f + 4. Let g(u) = b(u) - h(u). What is g(k)?
0
Let q(l) = l**2 + 2*l + 1. Suppose u - 6 = 1. Let d(w) = w**2 - 8*w + 3. Let k be d(u). Give q(k).
9
Let m(l) = -2*l**2 - 3*l - 2. Let w = 50 + -52. Give m(w).
-4
Let l(v) = -9 - v**3 + 5 - 2*v - 2*v**2 + 1. Calculate l(-2).
1
Let v(m) = -5*m**2 + 6*m. Let w(a) = -20*a**2 + 25*a. Let n(c) = -25*v(c) + 6*w(c). What is n(-1)?
5
Let b(s) be the first derivative of -s**3/3 + s**2/2 + 2*s - 1. Suppose 2*x = -r + 5*x - 1, -5*x - 1 = -3*r. Suppose -5*w = -r*w + 9. What is b(w)?
-10
Let h(i) = -10*i - 2*i**2 + 23*i - 3 - 10*i + i**3. Let y be (1 - 5)*(-1)/2. Calculate h(y).
3
Let y(l) = l**2 + 6. Let v be 4 + 1 - 5 - 0. Calculate y(v).
6
Let f(u) be the third derivative of u**5/60 - 7*u**4/24 - 2*u**3/3 + u**2. Calculate f(7).
-4
Let a be (1*2)/((-4)/(-6)). Let p(s) be the first derivative of -5*s**3/3 + 2*s**2 - 2. Let k(z) = -2*z**2 + 2*z. Let l(c) = a*p(c) - 7*k(c). Determine l(-3).
-3
Let i be ((-14)/4)/((-1)/(-2)). Let w = -5 - i. Let l(y) = -4*y - w - 4*y**2 + 6 + 5*y**2. What is l(4)?
4
Let a(d) = 2*d**2 - 2*d - 1. Let t be a(-1). Let x(l) = -2*l**2 + 3 - 3 + l**3 - 4*l. Determine x(t).
-3
Let w(o) be the third derivative of -o**6/120 - o**5/12 - o**4/12 - 30*o**2. Calculate w(-3).
-12
Let y(a) = -a. Let k = 1 - 1. Let z be 3/(-5) - 63/(-105). Let o be 1 - k - (5 + z). Calculate y(o).
4
Let c(v) = 10*v**3 - 2*v + 1. Suppose 0 = 3*s - 12 - 6. Suppose -s = 5*z + 9. Let a be z/2*(-8)/12. Determine c(a).
9
Let a be (-6)/(-42) + 24/(-21). Let y(q) = 4*q**3 - q**2 + q + 1. Determine y(a).
-5
Let i(m) be the first derivative of -2*m**3 + m**2 - m - 1. Let o be (-2 - 0)/4*0. Suppose o = -4*f + 3*f + 1. What is i(f)?
-5
Let x(h) = -18*h**2 + 1. Let f be 3/2*(-8)/12. Calculate x(f).
-17
Suppose -x = -p + 2*x + 1, 0 = 5*p - 4*x - 5. Let c be 3 - (1 - p) - 4. Let b(v) = -15*v**3 + v**2 + v. What is b(c)?
15
Let s(c) = 2*c*